2. Suppose -s*f = -8*f - 353. What is the hundreds digit of f?
3
Suppose -3*j - 39275 = -5*a, -7*j = -92*a + 95*a - 23609. What is the units digit of a?
8
Let f(n) = 20*n + 145. Let t = -79 - -96. What is the tens digit of f(t)?
8
Let o = 8254 + 1946. Suppose -216*q = -226*q + o. What is the units digit of q?
0
Suppose -5419890 = -85*k - 5*k. What is the ten thousands digit of k?
6
Suppose -6*n + 2*y = -2*n - 430, 2*y - 212 = -2*n. Suppose -n*l + 3196 = -103*l. What is the hundreds digit of l?
7
Let l = 122143 + -77929. What is the ten thousands digit of l?
4
Let x(m) = -6*m**2 - m - 1. Let t be x(6). What is the units digit of -3 + 8/(-4) - t?
8
Suppose 28 = q - 0*i + 4*i, 3*q + 4*i - 68 = 0. Suppose -q*y + 70 = -6*y. Suppose y*a + 4*w = 499, 202 = 2*a - 2*w + 3*w. What is the hundreds digit of a?
1
Let t(x) = -x**3 - 5*x**2 - 3*x - 12. Let c = -73 + 68. Let g be t(c). Suppose 5*j = g*y + 3 + 4, j + 3*y - 5 = 0. What is the units digit of j?
2
Let l = 86 + 62. Let w = 491 - l. What is the hundreds digit of w?
3
Suppose 0*b + 2*b - 242 = 0. Let c = 4471 + -4163. Let d = c - b. What is the hundreds digit of d?
1
Let p(a) = a**3 + 10*a**2 - 3*a - 20. Let g be p(-10). Suppose g*u + 640 = 15*u. Suppose -4*v = -0*v - u. What is the units digit of v?
2
Suppose 109356 = -71*k + 83*k. What is the thousands digit of k?
9
Suppose -5*h + 7*h = 22000. Suppose 62*g + h = 73*g. What is the tens digit of g?
0
Let k(d) = -2*d**3 - 36*d**2 - 19*d + 12. Let w(r) = 3*r**3 + 53*r**2 + 29*r - 18. Let n(j) = 7*k(j) + 5*w(j). Let f = 1 + -10. What is the units digit of n(f)?
0
Suppose -3*b = -0*b - 2*p - 16, 2*p = -2*b + 4. Suppose b*s - 49 + 33 = 0. Suppose r = s*a + 61, 2*a + 64 = -3*r + 303. What is the units digit of r?
7
Suppose -5*z + 0*o = -o - 3, 3*z - 2*o = 6. Suppose z = -42*b + 38*b + 1348. What is the units digit of b?
7
What is the hundreds digit of (-11)/33 - (-2026451)/51?
7
Let r be 4 - (8 - 3) - (-16)/2. Suppose -13*s + r*s = 582. Let b = 162 + s. What is the units digit of b?
5
Let v = -11976 - -24286. What is the tens digit of v?
1
Let o(s) = 41*s**3 + 34*s**2 + 37*s + 40. What is the units digit of o(9)?
6
Suppose -7*i + 19798 = -2*i + 4*m, -2*m = i - 3968. What is the hundreds digit of i?
9
Let u be (-127)/((-1)/(-4)*2). Let i(w) = 5*w**3 + 4*w**2 + 5*w - 3. Let m be i(-3). Let v = m - u. What is the hundreds digit of v?
1
Let t(z) be the third derivative of -z**5/60 - z**4/24 + z**3/3 - 12*z**2. Let s be t(-3). What is the units digit of 190/s*12/(-10)?
7
Let w = -80 + 85. Suppose -2*f - 199 = -r - 4*f, w*r + f - 1040 = 0. Let c = -87 + r. What is the tens digit of c?
2
Let c(n) = 19*n**2 - 49*n - 596. What is the units digit of c(35)?
4
Let o(i) = -2*i**3 + 58*i**2 + 76*i + 67. What is the tens digit of o(29)?
7
Let w be 4/(-6) - ((-92)/12 + 11). What is the units digit of (-3524)/(-7) + w/(-28)*-3?
3
Let a be ((-2)/7)/(27/7 - 4). Suppose 5*w - w - a*j = 3074, j = 5*w - 3841. What is the tens digit of w?
6
Let w(m) = -654*m + 1509. What is the units digit of w(-63)?
1
Suppose -3*d + 26*d = 23. Let j(b) = 1571*b**2 + 21*b - 20. What is the hundreds digit of j(d)?
5
Let a = -202 - -212. What is the tens digit of -2 - (12/a)/((-3)/380)?
5
Suppose 3*c = -2*z + 7338, 16*z + 5*c = 15*z + 3655. What is the hundreds digit of z?
6
Let v(s) = 20*s - 38. Let f be 58/5 + (-24)/40. What is the tens digit of v(f)?
8
Let d = -1036 - -482. Let g = d - -1116. What is the tens digit of g?
6
What is the tens digit of (332/(-42) - (30 - 38)) + (-309242)/(-42)?
6
What is the units digit of (-166)/1577 + (-86224)/(-19)?
8
Let h(b) = 202*b + 160. Let w be h(-13). What is the hundreds digit of (-343)/(-98) - w/4?
6
What is the hundreds digit of ((-10)/(-30))/(17/726801)?
2
Let b = 55722 - 35994. What is the units digit of b?
8
Let o(q) = -13*q + 6*q + q**3 - 8*q**2 - 12 - 2*q**3. Let d be o(-7). What is the tens digit of (-3366)/(-108) + 2/d?
3
What is the hundreds digit of (-8*(-16)/2)/((-82)/(-2132)) + 1?
6
Let q(y) = -y**2 + 16*y - 18. Let j be q(14). Suppose r - 4 = -4*l - 0, 0 = 3*l + 4*r + j. Let d(b) = 25*b - 9. What is the tens digit of d(l)?
4
Let c(a) = 87*a + 2236. What is the tens digit of c(69)?
3
Suppose 0 = -y + 1 + 9. Suppose -t - y - 3 = 0. Let f(j) = -j**2 - 17*j - 19. What is the tens digit of f(t)?
3
Suppose y = 5*y - 2060. Suppose y = 3*c - 0*c + g, 0 = 4*g - 8. Let l = -3 + c. What is the units digit of l?
8
Suppose -120*v = -3*a - 125*v + 159639, 5*a - 3*v - 266065 = 0. What is the ten thousands digit of a?
5
Suppose -11*n + 14*n - 4*m = 1171, -4*n + 1562 = -5*m. Let s be 3/(-2 - 7/(-2)). Suppose n = 3*b - z, z = -s*z. What is the hundreds digit of b?
1
What is the tens digit of 330780/72 - (35/42)/5?
9
Let d = -11 + 45. What is the tens digit of 4670/15 + (-5 - d/(-6))?
1
Let i = 3676 - 3173. What is the tens digit of i?
0
Let b(k) = -3*k + 6*k**2 - 8*k**2 + 6*k**2 + 6*k + 19 + 5*k**2. What is the hundreds digit of b(8)?
6
Let p = 71 - -15. Let g be (9 - 5) + 0 + p. Let d = g - 65. What is the tens digit of d?
2
Let f(z) = -74*z - 146. Suppose -x = -y + 7, -3*x - 9 = -0*y + y. What is the hundreds digit of f(x)?
1
Let o(v) = 3*v**2 - 5*v + 2*v - 12 + 0*v**2. Let b be 32/(-48)*-1*(2 + -8). What is the units digit of o(b)?
8
Let p = 7126 + 796. What is the thousands digit of p?
7
Let i(h) = h**2 - 8*h + 8. Let x be i(7). Let s(u) be the third derivative of u**5/15 + u**4/6 - 2*u**3/3 + 240*u**2. What is the units digit of s(x)?
4
Let s(r) = 141*r - 18. Let u be s(-1). Let a = 160 - u. What is the hundreds digit of a?
3
Suppose -1989456 = -231*b + 1218210. What is the ten thousands digit of b?
1
Let u = -4606 + 8696. What is the tens digit of u?
9
Let x be (-12)/(-21) - (-7128)/21. Suppose -12 = -4*z - 4*o, -4*z = -4*o - 2 - 2. Suppose z*i + 3*i - x = 0. What is the units digit of i?
8
What is the tens digit of 3809075/225 - 43 - ((-4)/(-18) - 0)?
8
Suppose 3*m = -4*b + 36, b - 52 + 33 = -2*m. Suppose -553 = -m*i + 695. What is the hundreds digit of i?
1
What is the hundreds digit of 155/(-62)*(-5)/(75/116166)?
3
Let l(a) = 439*a**2 - 89*a + 260. What is the thousands digit of l(6)?
5
Let v = -1 + 0. Let x(j) be the second derivative of 8*j**4/3 - j**3/3 - j**2/2 - 2*j + 186. What is the units digit of x(v)?
3
Suppose 2357 = -15*x - 2098. Let g = x - -480. What is the units digit of g?
3
Let t(m) = -m + 4. Let p be t(1). Suppose 0 = -s + p*i + 2, 3*s = -0*s - i - 4. What is the tens digit of (11 - -80) + s*(-1 + 2)?
9
Let y(v) be the first derivative of 13*v**4 - 5*v**3/3 + 5*v**2/2 + 7*v - 179. What is the thousands digit of y(3)?
1
What is the units digit of -1*3/(-12)*120812 + 11?
4
Suppose 0 = -3*t - 2*q + 3*q + 4177, 4*q + 1396 = t. Suppose 0 = -3*m + 3*b + t, -1073 = -2*m - b - 154. What is the hundreds digit of m?
4
Suppose i = -5*i. Suppose -9*h + 1827 = -i*h. What is the tens digit of h?
0
Suppose 58*v + 864 = 50*v. What is the tens digit of (-22223)/(-27) + 8/v?
2
Suppose -19*f + 10 = -14*f, 0 = -5*x - 5*f + 38805. What is the units digit of x?
9
Suppose 4*k - 1970 - 298 = 0. What is the units digit of k?
7
Let f(k) = 2*k - 10. Let s be f(5). Suppose s = -3*o + o - 8, 112 = 5*n - 3*o. Suppose -22*p = -n*p - 130. What is the units digit of p?
5
Let s be 2/(-7) - (972/(-21) - -2). Let v = 58 - s. What is the tens digit of 24/v*(-175)/(-10)?
3
Let g(x) = 3*x - 2. Let d be g(3). Suppose -d = -a + 2*y, 4*y - 5*y - 20 = -2*a. Suppose 13*r - 158 = a*r. What is the units digit of r?
9
Let i = -2083 + 3778. Suppose -6*r = -i + 597. Suppose 7*b + r = 526. What is the units digit of b?
9
Let q(v) = 68*v**3 + v**2 - 4*v + 3. Let r be q(1). Suppose 25 = 5*w, -2*w = -2*a + 164 + r. What is the hundreds digit of a?
1
Let j(y) = 3965*y**2 - 10*y - 9. What is the hundreds digit of j(-1)?
9
Let c(j) = j - 10. Let m be c(14). Suppose 0 = m*o - o. What is the units digit of 19/((o - -2) + (4 - 5))?
9
Suppose 9*x = 12*x - 2169. Suppose 0 = -k - k - v + x, k + 4*v - 379 = 0. Let z = k - 228. What is the units digit of z?
1
Let k(s) = -11 - 1 - 8 - 3 + 4*s. Let l be k(7). Suppose l*u + r + r - 492 = 0, -u = -r - 97. What is the units digit of u?
8
Suppose 0 = 102*i - 406921 - 474155. What is the hundreds digit of i?
6
Let q = 316 - 312. What is the units